{"id":625,"date":"2016-08-16T13:22:58","date_gmt":"2016-08-16T13:22:58","guid":{"rendered":"http:\/\/kroth:8888\/?page_id=625"},"modified":"2026-01-19T15:25:37","modified_gmt":"2026-01-19T12:25:37","slug":"iletisim","status":"publish","type":"page","link":"https:\/\/maximumhealtyservices.com\/index.php\/iletisim\/","title":{"rendered":"\u0130leti\u015fim"},"content":{"rendered":"<section class=\"wpb-content-wrapper\"><p>[vc_row][vc_column width=&#8221;1\/2&#8243;][vc_column_text css=&#8221;.vc_custom_1691926463509{margin-bottom: 20px !important;}&#8221;]<\/p>\n<h3 style=\"margin-bottom: 15px;\"><span style=\"font-size: 22px;\">\u0130leti\u015fim Bilgileri<\/span><\/h3>\n<p>[\/vc_column_text]<ul class=\"krth-list-three  krth-list-69e9dda799ce4\"><li><strong>Adres: :<\/strong> S\u00f6\u011f\u00fct\u00f6z\u00fc Cd. Ko\u00e7 Kuleleri No:2 A Blok D.13, 06510 \u00c7ankaya\/Ankara<\/li><li><strong>Telefon :<\/strong> 0532 205 47 18<\/li><li><strong>Email :<\/strong> kalite@maximumhealtyservices.com<\/li><\/ul><div id=\"map-69e9dda799d2d\" class=\"krth-google-map  vc_custom_1768825534878 krth-gmap-69e9dda799d2d\"><\/div>    <script type=\"text\/javascript\">\n    \/\/ Custom Map Script\n    jQuery(document).ready(function($) {\n      $(\"#map-69e9dda799d2d\").googleMap({\n        zoom: 10,\n        type: \"ROADMAP\",\n        styles: [],\n        streetViewControl: false,\n        scrollwheel: false,\n        mapTypeControl: false,\n                    coords: [39.91416, 32.80449],\n                  });\n            $(\"#map-69e9dda799d2d\").addMarker({\n        coords: [39.91416, 32.80449],\n        icon: 'https:\/\/maximumhealtyservices.com\/wp-content\/plugins\/kroth-core\/assets\/images\/map-marker.png',\n        title: \"Ofis\",        text: \"S\u00f6\u011f\u00fct\u00f6z\u00fc, S\u00f6\u011f\u00fct\u00f6z\u00fc Cd. Ko\u00e7 Kuleleri No:2 A Blok D.13, 06510 \u00c7ankaya\/Ankara\",      });\n          });\n    <\/script>\n[\/vc_column][vc_column width=&#8221;1\/2&#8243;]<div class=\"krth-contact-form krth-contact-69e9dda799da7 contact-page-one\"><h3 class=\"form-title\">\u0130leti\u015fim Formu<\/h3>\n<div class=\"wpcf7 no-js\" id=\"wpcf7-f635-o1\" lang=\"en-US\" dir=\"ltr\">\n<div class=\"screen-reader-response\"><p role=\"status\" aria-live=\"polite\" aria-atomic=\"true\"><\/p> <ul><\/ul><\/div>\n<form action=\"\/index.php\/wp-json\/wp\/v2\/pages\/625#wpcf7-f635-o1\" method=\"post\" class=\"wpcf7-form init\" aria-label=\"Contact form\" novalidate=\"novalidate\" data-status=\"init\">\n<div style=\"display: none;\">\n<input type=\"hidden\" name=\"_wpcf7\" value=\"635\" \/>\n<input type=\"hidden\" name=\"_wpcf7_version\" value=\"5.7.7\" \/>\n<input type=\"hidden\" name=\"_wpcf7_locale\" value=\"en_US\" \/>\n<input type=\"hidden\" name=\"_wpcf7_unit_tag\" value=\"wpcf7-f635-o1\" \/>\n<input type=\"hidden\" name=\"_wpcf7_container_post\" value=\"0\" \/>\n<input type=\"hidden\" name=\"_wpcf7_posted_data_hash\" value=\"\" \/>\n<\/div>\n<p>Ad-Soyad<br \/>\n<span class=\"wpcf7-form-control-wrap\" data-name=\"Ad-Soyad\"><input size=\"40\" class=\"wpcf7-form-control wpcf7-text wpcf7-validates-as-required\" aria-required=\"true\" aria-invalid=\"false\" value=\"\" type=\"text\" name=\"Ad-Soyad\" \/><\/span>\n<\/p>\n<p>E-Mail Adresiniz<br \/>\n<span class=\"wpcf7-form-control-wrap\" data-name=\"E-MAil\"><input size=\"40\" class=\"wpcf7-form-control wpcf7-text wpcf7-email wpcf7-validates-as-required wpcf7-validates-as-email\" aria-required=\"true\" aria-invalid=\"false\" value=\"\" type=\"email\" name=\"E-MAil\" \/><\/span>\n<\/p>\n<p>Konu<br \/>\n<span class=\"wpcf7-form-control-wrap\" data-name=\"textarea-903\"><textarea cols=\"40\" rows=\"10\" class=\"wpcf7-form-control wpcf7-textarea wpcf7-validates-as-required\" aria-required=\"true\" aria-invalid=\"false\" name=\"textarea-903\"><\/textarea><\/span><br \/>\n<input class=\"wpcf7-form-control has-spinner wpcf7-submit\" type=\"submit\" value=\"G\u00f6nder\" \/>\n<\/p><div class=\"wpcf7-response-output\" aria-hidden=\"true\"><\/div>\n<\/form>\n<\/div>\n<\/div>[\/vc_column][\/vc_row]<\/p>\n<\/section>","protected":false},"excerpt":{"rendered":"[vc_row][vc_column width=&#8221;1\/2&#8243;][vc_column_text css=&#8221;.vc_custom_1691926463509{margin-bottom: 20px !important;}&#8221;] \u0130leti\u015fim Bilgileri [\/vc_column_text][\/vc_column][vc_column width=&#8221;1\/2&#8243;][\/vc_column][\/vc_row]","protected":false},"author":1,"featured_media":0,"parent":0,"menu_order":21,"comment_status":"closed","ping_status":"closed","template":"","meta":{"footnotes":""},"class_list":["post-625","page","type-page","status-publish","hentry"],"_links":{"self":[{"href":"https:\/\/maximumhealtyservices.com\/index.php\/wp-json\/wp\/v2\/pages\/625","targetHints":{"allow":["GET"]}}],"collection":[{"href":"https:\/\/maximumhealtyservices.com\/index.php\/wp-json\/wp\/v2\/pages"}],"about":[{"href":"https:\/\/maximumhealtyservices.com\/index.php\/wp-json\/wp\/v2\/types\/page"}],"author":[{"embeddable":true,"href":"https:\/\/maximumhealtyservices.com\/index.php\/wp-json\/wp\/v2\/users\/1"}],"replies":[{"embeddable":true,"href":"https:\/\/maximumhealtyservices.com\/index.php\/wp-json\/wp\/v2\/comments?post=625"}],"version-history":[{"count":7,"href":"https:\/\/maximumhealtyservices.com\/index.php\/wp-json\/wp\/v2\/pages\/625\/revisions"}],"predecessor-version":[{"id":2310,"href":"https:\/\/maximumhealtyservices.com\/index.php\/wp-json\/wp\/v2\/pages\/625\/revisions\/2310"}],"wp:attachment":[{"href":"https:\/\/maximumhealtyservices.com\/index.php\/wp-json\/wp\/v2\/media?parent=625"}],"curies":[{"name":"wp","href":"https:\/\/api.w.org\/{rel}","templated":true}]}}