{"id":486,"date":"2016-08-16T06:52:01","date_gmt":"2016-08-16T06:52:01","guid":{"rendered":"http:\/\/kroth:8888\/?page_id=486"},"modified":"2023-08-15T20:26:39","modified_gmt":"2023-08-15T17:26:39","slug":"kurumsal","status":"publish","type":"page","link":"https:\/\/maximumhealtyservices.com\/index.php\/kurumsal\/","title":{"rendered":"Kurumsal"},"content":{"rendered":"<section class=\"wpb-content-wrapper\"><p>[vc_row][vc_column width=&#8221;1\/4&#8243;][vc_widget_sidebar sidebar_id=&#8221;about-us-page-sidebar&#8221;][\/vc_column][vc_column width=&#8221;3\/4&#8243;][vc_row_inner][vc_column_inner][vc_single_image image=&#8221;2023&#8243; img_size=&#8221;full&#8221;][vc_column_text css=&#8221;.vc_custom_1692120167646{margin-bottom: 0px !important;}&#8221;]Maximum Kalite A.\u015e. belgelendirme ve dan\u0131\u015fmanl\u0131k alan\u0131nda sekt\u00f6r\u00fcn \u00f6nde gelen kurulu\u015flar\u0131ndan biridir. Firmam\u0131z, \u00e7e\u015fitli kalite ve s\u00fcrd\u00fcr\u00fclebilirlik alanlar\u0131nda sa\u011flad\u0131\u011f\u0131 profesyonel hizmetler ile i\u015f d\u00fcnyas\u0131n\u0131n ihtiya\u00e7lar\u0131na cevap verirken, m\u00fc\u015fteri odakl\u0131 yakla\u015f\u0131m\u0131yla da dikkat \u00e7ekmektedir.<\/p>\n<p><strong>Misyonumuz:<\/strong> Maximum Kalite A.\u015e. olarak misyonumuz, i\u015f d\u00fcnyas\u0131na uluslararas\u0131 standartlarda belgelendirme ve dan\u0131\u015fmanl\u0131k hizmetleri sunarak, i\u015fletmelerin s\u00fcrd\u00fcr\u00fclebilir b\u00fcy\u00fcmelerine katk\u0131da bulunmak ve kalite standartlar\u0131na uygun \u015fekilde hizmet verenleri \u00f6d\u00fcllendirmektir. Ayn\u0131 zamanda, \u00e7evre dostu ve s\u00fcrd\u00fcr\u00fclebilir uygulamalar\u0131n yayg\u0131nla\u015fmas\u0131na destek olmak amac\u0131yla s\u00fcrd\u00fcr\u00fclebilirlik alan\u0131nda da \u00f6nc\u00fc bir rol \u00fcstlenmektir.<\/p>\n<p><strong>Vizyonumuz:<\/strong> Vizyonumuz, i\u015f d\u00fcnyas\u0131n\u0131n d\u00f6n\u00fc\u015fen ihtiya\u00e7lar\u0131na h\u0131zl\u0131 ve etkili \u00e7\u00f6z\u00fcmler sunan, yenilik\u00e7i ve lider bir belgelendirme ve dan\u0131\u015fmanl\u0131k kurulu\u015fu olmakt\u0131r. \u00c7al\u0131\u015fmalar\u0131m\u0131zla i\u015fletmelerin rekabet g\u00fc\u00e7lerini art\u0131rmalar\u0131na yard\u0131mc\u0131 olurken, \u00e7evre ve toplumsal sorumluluk bilincini benimseyen bir i\u015f d\u00fcnyas\u0131 olu\u015fmas\u0131na katk\u0131 sa\u011flamay\u0131 hedeflemekteyiz.<\/p>\n<p><strong>De\u011ferlerimiz:<\/strong><\/p>\n<ul>\n<li><strong>M\u00fc\u015fteri Odakl\u0131l\u0131k:<\/strong> M\u00fc\u015fteri memnuniyetini en \u00fcst d\u00fczeyde tutarak, ihtiya\u00e7lar\u0131n\u0131 anlamak ve onlara \u00f6zel \u00e7\u00f6z\u00fcmler sunmak en temel \u00f6nceli\u011fimizdir.<\/li>\n<li><strong>Profesyonellik:<\/strong> Deneyimli uzman kadromuz ve uluslararas\u0131 standartlara uygun hizmet anlay\u0131\u015f\u0131m\u0131zla profesyonelli\u011fin \u00f6nemini vurgular\u0131z.<\/li>\n<li><strong>S\u00fcrd\u00fcr\u00fclebilirlik:<\/strong> Hem i\u015fletmelerin hem de \u00e7evrenin s\u00fcrd\u00fcr\u00fclebilirli\u011fini desteklemek, \u00e7al\u0131\u015fmalar\u0131m\u0131z\u0131n merkezinde yer al\u0131r.<\/li>\n<li><strong>\u0130novasyon:<\/strong> S\u00fcrekli geli\u015fen i\u015f d\u00fcnyas\u0131n\u0131n gereksinimlerine uygun yeni yakla\u015f\u0131mlar ve \u00e7\u00f6z\u00fcmler geli\u015ftirmek, inovasyon anlay\u0131\u015f\u0131m\u0131z\u0131 yans\u0131t\u0131r.<\/li>\n<li><strong>Etik De\u011ferler:<\/strong> T\u00fcm faaliyetlerimizde etik de\u011ferlere uygunluk ilkesini benimseriz ve \u015feffaf ileti\u015fimle g\u00fcven olu\u015ftururuz.<\/li>\n<\/ul>\n<p>Maximum Kalite A.\u015e. ISO Belgelendirmeleri, S\u00fcrd\u00fcr\u00fclebilirlik Dan\u0131\u015fmanl\u0131\u011f\u0131,\u00a0 Karbon Ayak \u0130zi Hesaplama ve Do\u011frulama Dan\u0131\u015fmanl\u0131\u011f\u0131, Su Ayak \u0130zi Hesaplama ve Do\u011frulama Dan\u0131\u015fmanl\u0131\u011f\u0131, KVKK Ki\u015fisel Verilerin Korunmas\u0131 Kanunu Dan\u0131\u015fmanl\u0131\u011f\u0131 ve Sa\u011fl\u0131k Turizmi Belgelendirme gibi geni\u015f bir yelpazede sundu\u011fu hizmetlerle i\u015fletmelerin uluslararas\u0131 standartlara uygunlu\u011funu sa\u011flamak ve s\u00fcrd\u00fcr\u00fclebilirlik alan\u0131nda destek olmak i\u00e7in her zaman yan\u0131n\u0131zdad\u0131r.[\/vc_column_text][vc_empty_space height=&#8221;15px&#8221;][vc_separator color=&#8221;custom&#8221; accent_color=&#8221;#e8e8e8&#8243; css=&#8221;.vc_custom_1471330308205{margin-top: 20px !important;margin-bottom: 30px !important;}&#8221;][\/vc_column_inner][\/vc_row_inner][vc_row_inner][vc_column_inner width=&#8221;1\/2&#8243;][vc_empty_space height=&#8221;10px&#8221;][vc_column_text]<blockquote class=\"blockquote-two  krth-blockquote-69e74591513a2\">\u201cUzman kadromuz, m\u00fc\u015fteri memnuniyetini odak noktas\u0131na al\u0131rken, i\u015fletmelerin rekabet g\u00fcc\u00fcn\u00fc art\u0131rmalar\u0131na ve daha kaliteli hizmet sunmalar\u0131na yard\u0131mc\u0131 olur. Siz de i\u015fletmenizi en \u00fcst seviyeye ta\u015f\u0131mak ve s\u00fcrd\u00fcr\u00fclebilir bir gelecek i\u00e7in Maximum Kalite A.\u015e.&#8217;nin deneyimli ekibiyle \u00e7al\u0131\u015fmaya ba\u015flay\u0131n!&#8221;.\u201d<\/blockquote>[\/vc_column_text][\/vc_column_inner][vc_column_inner width=&#8221;1\/2&#8243;]<div class=\"krth-counter-two \"><div class=\"counter-values\"><div class=\"cvalues\" style=\"\">700<\/div><div class=\"cvalue-in\" style=\"\">+<\/div><\/div><div class=\"counter-label\" style=\"\">Kurumsal Dan\u0131\u015fan<\/div><\/div><div class=\"krth-counter-two \"><div class=\"counter-values\"><div class=\"cvalues\" style=\"\">2400<\/div><div class=\"cvalue-in\" style=\"\">+<\/div><\/div><div class=\"counter-label\" style=\"\">Belgelendirme<\/div><\/div><div class=\"krth-counter-two \"><div class=\"counter-values\"><div class=\"cvalues\" style=\"\">2000<\/div><div class=\"cvalue-in\" style=\"\">+ saat<\/div><\/div><div class=\"counter-label\" style=\"\">E\u011fitim S\u00fcreci<\/div><\/div>[\/vc_column_inner][\/vc_row_inner][vc_row_inner][vc_column_inner][vc_separator color=&#8221;custom&#8221; accent_color=&#8221;#e8e8e8&#8243; css=&#8221;.vc_custom_1471331569106{margin-top: 20px !important;margin-bottom: 20px !important;}&#8221;][vc_column_text]<\/p>\n<h3 style=\"display: inline-block;\">Neden Biz?<\/h3>\n<p>[\/vc_column_text][\/vc_column_inner][\/vc_row_inner][vc_row_inner][vc_column_inner width=&#8221;1\/2&#8243;]<div class=\"krth-service-two\"><div class=\"service-icon\"><i class=\"icon-badge\"><\/i><\/div><div class=\"services-content\"><h3 class=\"service-heading\" style=\"\">Uzmanl\u0131k ve Deneyim<\/h3><p>Uzman ekibimiz, sekt\u00f6rdeki deneyimi ve bilgi birikimiyle size en iyi \u00e7\u00f6z\u00fcmleri sunmak i\u00e7in \u00e7al\u0131\u015f\u0131r.<\/p>\n<\/div><\/div><div class=\"krth-service-two\"><div class=\"service-icon\"><i class=\"icon-user-following\"><\/i><\/div><div class=\"services-content\"><h3 class=\"service-heading\" style=\"\">Uluslararas\u0131 Standartlar<\/h3><p>Uluslararas\u0131 kabul g\u00f6rm\u00fc\u015f belgelendirme standartlar\u0131na uyumlu hizmetler sunar\u0131z<\/p>\n<\/div><\/div>[\/vc_column_inner][vc_column_inner width=&#8221;1\/2&#8243;]<div class=\"krth-service-two\"><div class=\"service-icon\"><i class=\"icon-chart\"><\/i><\/div><div class=\"services-content\"><h3 class=\"service-heading\" style=\"\">H\u0131zl\u0131 ve Etkili \u00c7\u00f6z\u00fcmler<\/h3><p>Belgelendirme s\u00fcrecinde zaman kaybetmemenizi sa\u011flamak i\u00e7in h\u0131zl\u0131 ve etkili \u00e7\u00f6z\u00fcmler sunar\u0131z.<\/p>\n<\/div><\/div><div class=\"krth-service-two\"><div class=\"service-icon\"><i class=\"icon-trophy\"><\/i><\/div><div class=\"services-content\"><h3 class=\"service-heading\" style=\"\">S\u00fcrd\u00fcr\u00fclebilirlik<\/h3><p>Hem i\u015fletmelerin hem de \u00e7evrenin s\u00fcrd\u00fcr\u00fclebilirli\u011fini desteklemek, \u00e7al\u0131\u015fmalar\u0131m\u0131z\u0131n merkezinde yer al\u0131r.<\/p>\n<\/div><\/div>[\/vc_column_inner][\/vc_row_inner][\/vc_column][\/vc_row]<\/p>\n<\/section>","protected":false},"excerpt":{"rendered":"[vc_row][vc_column width=&#8221;1\/4&#8243;][vc_widget_sidebar sidebar_id=&#8221;about-us-page-sidebar&#8221;][\/vc_column][vc_column width=&#8221;3\/4&#8243;][vc_row_inner][vc_column_inner][vc_single_image image=&#8221;2023&#8243; img_size=&#8221;full&#8221;][vc_column_text css=&#8221;.vc_custom_1692120167646{margin-bottom: 0px !important;}&#8221;]Maximum Kalite A.\u015e. belgelendirme ve dan\u0131\u015fmanl\u0131k alan\u0131nda sekt\u00f6r\u00fcn \u00f6nde gelen kurulu\u015flar\u0131ndan biridir. Firmam\u0131z, \u00e7e\u015fitli kalite ve s\u00fcrd\u00fcr\u00fclebilirlik alanlar\u0131nda sa\u011flad\u0131\u011f\u0131 profesyonel hizmetler ile i\u015f d\u00fcnyas\u0131n\u0131n ihtiya\u00e7lar\u0131na cevap verirken, m\u00fc\u015fteri odakl\u0131 yakla\u015f\u0131m\u0131yla da dikkat \u00e7ekmektedir. Misyonumuz: Maximum Kalite A.\u015e. olarak misyonumuz, i\u015f d\u00fcnyas\u0131na uluslararas\u0131 standartlarda belgelendirme ve dan\u0131\u015fmanl\u0131k hizmetleri[&#8230;]","protected":false},"author":1,"featured_media":0,"parent":0,"menu_order":5,"comment_status":"closed","ping_status":"closed","template":"","meta":{"footnotes":""},"class_list":["post-486","page","type-page","status-publish","hentry"],"_links":{"self":[{"href":"https:\/\/maximumhealtyservices.com\/index.php\/wp-json\/wp\/v2\/pages\/486","targetHints":{"allow":["GET"]}}],"collection":[{"href":"https:\/\/maximumhealtyservices.com\/index.php\/wp-json\/wp\/v2\/pages"}],"about":[{"href":"https:\/\/maximumhealtyservices.com\/index.php\/wp-json\/wp\/v2\/types\/page"}],"author":[{"embeddable":true,"href":"https:\/\/maximumhealtyservices.com\/index.php\/wp-json\/wp\/v2\/users\/1"}],"replies":[{"embeddable":true,"href":"https:\/\/maximumhealtyservices.com\/index.php\/wp-json\/wp\/v2\/comments?post=486"}],"version-history":[{"count":10,"href":"https:\/\/maximumhealtyservices.com\/index.php\/wp-json\/wp\/v2\/pages\/486\/revisions"}],"predecessor-version":[{"id":2148,"href":"https:\/\/maximumhealtyservices.com\/index.php\/wp-json\/wp\/v2\/pages\/486\/revisions\/2148"}],"wp:attachment":[{"href":"https:\/\/maximumhealtyservices.com\/index.php\/wp-json\/wp\/v2\/media?parent=486"}],"curies":[{"name":"wp","href":"https:\/\/api.w.org\/{rel}","templated":true}]}}