{"id":1991,"date":"2023-08-10T22:07:09","date_gmt":"2023-08-10T19:07:09","guid":{"rendered":"https:\/\/maximumhealtyservices.com\/?page_id=1991"},"modified":"2023-08-11T22:53:51","modified_gmt":"2023-08-11T19:53:51","slug":"temos-sertifikalari","status":"publish","type":"page","link":"https:\/\/maximumhealtyservices.com\/index.php\/services\/temos-sertifikalari\/","title":{"rendered":"Temos Sertifikalar\u0131"},"content":{"rendered":"<section class=\"wpb-content-wrapper\"><p>[vc_row][vc_column width=&#8221;1\/4&#8243;][vc_wp_custommenu nav_menu=&#8221;63&#8243; title=&#8221;Dan\u0131\u015fmanl\u0131k&#8221;][\/vc_column][vc_column width=&#8221;3\/4&#8243;][vc_single_image image=&#8221;2012&#8243; img_size=&#8221;full&#8221;][vc_row_inner][vc_column_inner][vc_column_text]<\/p>\n<p class=\"reader-text-block__paragraph\">Temos International; (IEEA) d\u00fcnya \u00e7ap\u0131nda uluslararas\u0131 hasta y\u00f6netimini dahil eden standartlar\u0131yla ISQua\/IEEA taraf\u0131ndan akredite edilmi\u015f ilk ve tek akreditasyon kurumudur.<\/p>\n<p class=\"reader-text-block__paragraph\">Kuruma \u00f6zel sertifikasyon programlar\u0131:<\/p>\n<ul>\n<li>Medical Seyahat Koordinat\u00f6rleri<\/li>\n<li>Covid 19 G\u00fcvenilirlik Uygunluk Sertifika Program\u0131<\/li>\n<\/ul>\n<p class=\"reader-text-block__paragraph\">Kuruma \u00d6zel Akreditasyon Programlar\u0131:<\/p>\n<ul>\n<li>Hastaneler ve Klinikler<\/li>\n<li>Primary Care (aile hekimli\u011fi, poliklinikler) ve g\u00fcnl\u00fck cerrahi merkezleri<\/li>\n<li>Klinik ve hastanelerde di\u015f hekimli\u011fi uygulamalar\u0131<\/li>\n<li>G\u00f6z sa\u011fl\u0131\u011f\u0131 hastaneleri ve klinikleri<\/li>\n<li>IVF \u00fcreme merkezleri<\/li>\n<li>Rehabilitasyon Merkezleri (ayakta ve yatarak tedavi g\u00f6ren hastalar)<\/li>\n<li>Eczaneler<\/li>\n<\/ul>\n<p>[\/vc_column_text][\/vc_column_inner][\/vc_row_inner][\/vc_column][\/vc_row][vc_row full_width=&#8221;stretch_row&#8221; overlay_dotted=&#8221;&#8221; css=&#8221;.vc_custom_1481544673448{margin-top: 40px !important;}&#8221;][vc_column]<div class=\"krth-cta krth-cta-one cta-cnt-left \"><div class=\"krth-cta-cnt \" ><p><span style=\"color: #ffffff;\"><b>Detayl\u0131 Bilgi Almak \u0130\u00e7in Bize Ula\u015f\u0131n<\/b><\/span><\/p>\n<\/div><a class=\"krth-btn btn-secondary  vc_custom_1691783628073 btn-medium krth-btn-69e9dd9c36b6e btn-hover-one btn-icon-left rounded-three \" href=\"https:\/\/maximumhealtyservices.com\/index.php\/iletisim\/\"><span class=\"btn-text\">Bize Ula\u015f\u0131n<\/span><\/a><\/div>[\/vc_column][\/vc_row]<\/p>\n<\/section>","protected":false},"excerpt":{"rendered":"[vc_row][vc_column width=&#8221;1\/4&#8243;][vc_wp_custommenu nav_menu=&#8221;63&#8243; title=&#8221;Dan\u0131\u015fmanl\u0131k&#8221;][\/vc_column][vc_column width=&#8221;3\/4&#8243;][vc_single_image image=&#8221;2012&#8243; img_size=&#8221;full&#8221;][vc_row_inner][vc_column_inner][vc_column_text] Temos International; (IEEA) d\u00fcnya \u00e7ap\u0131nda uluslararas\u0131 hasta y\u00f6netimini dahil eden standartlar\u0131yla ISQua\/IEEA taraf\u0131ndan akredite edilmi\u015f ilk ve tek akreditasyon kurumudur. Kuruma \u00f6zel sertifikasyon programlar\u0131: Medical Seyahat Koordinat\u00f6rleri Covid 19 G\u00fcvenilirlik Uygunluk Sertifika Program\u0131 Kuruma \u00d6zel Akreditasyon Programlar\u0131: Hastaneler ve Klinikler Primary Care (aile hekimli\u011fi, poliklinikler) ve g\u00fcnl\u00fck cerrahi[&#8230;]","protected":false},"author":1,"featured_media":0,"parent":588,"menu_order":0,"comment_status":"closed","ping_status":"closed","template":"","meta":{"footnotes":""},"class_list":["post-1991","page","type-page","status-publish","hentry"],"_links":{"self":[{"href":"https:\/\/maximumhealtyservices.com\/index.php\/wp-json\/wp\/v2\/pages\/1991","targetHints":{"allow":["GET"]}}],"collection":[{"href":"https:\/\/maximumhealtyservices.com\/index.php\/wp-json\/wp\/v2\/pages"}],"about":[{"href":"https:\/\/maximumhealtyservices.com\/index.php\/wp-json\/wp\/v2\/types\/page"}],"author":[{"embeddable":true,"href":"https:\/\/maximumhealtyservices.com\/index.php\/wp-json\/wp\/v2\/users\/1"}],"replies":[{"embeddable":true,"href":"https:\/\/maximumhealtyservices.com\/index.php\/wp-json\/wp\/v2\/comments?post=1991"}],"version-history":[{"count":5,"href":"https:\/\/maximumhealtyservices.com\/index.php\/wp-json\/wp\/v2\/pages\/1991\/revisions"}],"predecessor-version":[{"id":2072,"href":"https:\/\/maximumhealtyservices.com\/index.php\/wp-json\/wp\/v2\/pages\/1991\/revisions\/2072"}],"up":[{"embeddable":true,"href":"https:\/\/maximumhealtyservices.com\/index.php\/wp-json\/wp\/v2\/pages\/588"}],"wp:attachment":[{"href":"https:\/\/maximumhealtyservices.com\/index.php\/wp-json\/wp\/v2\/media?parent=1991"}],"curies":[{"name":"wp","href":"https:\/\/api.w.org\/{rel}","templated":true}]}}