{"id":1822,"date":"2023-08-06T19:34:52","date_gmt":"2023-08-06T16:34:52","guid":{"rendered":"https:\/\/maximumhealtyservices.com\/?page_id=1822"},"modified":"2023-08-11T22:32:46","modified_gmt":"2023-08-11T19:32:46","slug":"iso-20000-bilgi-teknolojileri-yonetim-sistemi","status":"publish","type":"page","link":"https:\/\/maximumhealtyservices.com\/index.php\/services\/iso-20000-bilgi-teknolojileri-yonetim-sistemi\/","title":{"rendered":"ISO 20000 Bilgi Teknolojileri Y\u00f6netim Sistemi"},"content":{"rendered":"<section class=\"wpb-content-wrapper\"><p>[vc_row][vc_column width=&#8221;1\/4&#8243;][vc_widget_sidebar sidebar_id=&#8221;service-page-sidebar&#8221; title=&#8221;men\u00fc&#8221;][vc_wp_custommenu nav_menu=&#8221;58&#8243;][\/vc_column][vc_column width=&#8221;3\/4&#8243;][vc_single_image image=&#8221;1826&#8243; img_size=&#8221;full&#8221;][vc_row_inner][vc_column_inner][vc_column_text]ISO 20000, Bilgi Teknolojileri Hizmet Y\u00f6netimi Sistemi (ITSMS) olarak da bilinen bir uluslararas\u0131 standartt\u0131r. ISO 20000, bir organizasyonun bilgi teknolojileri hizmetlerini etkili bir \u015fekilde y\u00f6netmesi ve sunmas\u0131 i\u00e7in kullan\u0131lan bir \u00e7er\u00e7evedir.<\/p>\n<p>Bu standart, IT hizmetlerinin y\u00f6netimini ve s\u00fcre\u00e7lerini standartla\u015ft\u0131rarak, kaliteyi art\u0131rmay\u0131, hizmet d\u00fczeyini y\u00fckseltmeyi ve m\u00fc\u015fteri memnuniyetini sa\u011flamay\u0131 ama\u00e7lar. ISO 20000, hem i\u00e7 hem de d\u0131\u015f m\u00fc\u015fterilere hizmet sunan organizasyonlar i\u00e7in ge\u00e7erlidir ve BT hizmet y\u00f6netiminin profesyonel bir yakla\u015f\u0131mla yap\u0131lmas\u0131na rehberlik eder.<\/p>\n<p>ISO 20000, IT hizmetleri sunan organizasyonlarda a\u015fa\u011f\u0131daki ana alanlarda uygulanabilir:<\/p>\n<ol>\n<li><strong>Servis Y\u00f6netimi:<\/strong> IT hizmetlerinin planlanmas\u0131, tasar\u0131m\u0131, ge\u00e7i\u015f s\u00fcreci, operasyon ve s\u00fcrekli iyile\u015ftirme s\u00fcre\u00e7lerini kapsar. \u0130\u015f s\u00fcre\u00e7leri ve sorumluluklar belirlenir, s\u00fcre\u00e7ler belgelenir ve performans \u00f6l\u00e7\u00fcm\u00fc yap\u0131l\u0131r.<\/li>\n<li><strong>Servis D\u00fczeyi Y\u00f6netimi:<\/strong> IT hizmetlerinin sunulan d\u00fczeyini belirlemek i\u00e7in m\u00fc\u015fteri beklentileri ile hizmet seviye anla\u015fmalar\u0131 (SLA&#8217;lar) olu\u015fturulur. Hizmet d\u00fczeyleri d\u00fczenli olarak de\u011ferlendirilir ve raporlan\u0131r.<\/li>\n<li><strong>Bilgi G\u00fcvenli\u011fi:<\/strong> ISO 20000, bilgi g\u00fcvenli\u011fini korumay\u0131 ve m\u00fc\u015fteri bilgilerini gizli tutmay\u0131 da i\u00e7erir.<\/li>\n<li><strong>S\u00fcre\u00e7 ve Performans \u0130yile\u015ftirmesi:<\/strong> ISO 20000 standard\u0131, IT hizmetlerinin s\u00fcrekli olarak de\u011ferlendirilmesini, iyile\u015ftirilmesini ve m\u00fc\u015fteri beklentilerine uygun hale getirilmesini te\u015fvik eder.<\/li>\n<\/ol>\n<p>ISO 20000, organizasyonun m\u00fc\u015fteri odakl\u0131l\u0131k, s\u00fcre\u00e7 y\u00f6netimi ve performans iyile\u015ftirmesi gibi \u00f6nemli konulara odaklanmas\u0131n\u0131 sa\u011flar. BT hizmetlerinin y\u00f6netiminde bu standartlar\u0131n kullan\u0131lmas\u0131, verimlili\u011fi art\u0131r\u0131r, hatalar\u0131 azalt\u0131r ve m\u00fc\u015fteri memnuniyetini art\u0131r\u0131r. Ayr\u0131ca, IT hizmetlerinin d\u00fczenli denetlenmesini ve sertifikaland\u0131r\u0131lmas\u0131n\u0131 sa\u011flar.[\/vc_column_text][\/vc_column_inner][\/vc_row_inner][vc_row_inner][vc_column_inner][vc_column_text css=&#8221;.vc_custom_1691339779322{margin-bottom: 5px !important;}&#8221;]<\/p>\n<h4>ISO 20000 Bilgi Teknolojileri Y\u00f6netim Sistemi Yararlar\u0131 Nelerdir<\/h4>\n<p>ISO 20000 Bilgi Teknolojileri Y\u00f6netim Sistemi&#8217;nin (ITSMS) uygulanmas\u0131 ve sertifikasyonu, bir organizasyon i\u00e7in bir dizi \u00f6nemli fayda sa\u011flar. \u0130\u015fte ISO 20000&#8217;in yararlar\u0131ndan baz\u0131lar\u0131:<\/p>\n<ol>\n<li><strong>M\u00fc\u015fteri Memnuniyeti:<\/strong> ISO 20000, IT hizmetlerinin s\u00fcrekli olarak iyile\u015ftirilmesini ve m\u00fc\u015fteri beklentilerine uygun hale getirilmesini te\u015fvik eder. Bu, m\u00fc\u015fteri memnuniyetini art\u0131r\u0131r ve m\u00fc\u015fteri sadakatini g\u00fc\u00e7lendirir.<\/li>\n<li><strong>S\u00fcre\u00e7 Verimlili\u011fi:<\/strong> Standart, IT hizmetlerini planlama, tasar\u0131m, ge\u00e7i\u015f, operasyon ve s\u00fcrekli iyile\u015ftirme s\u00fcre\u00e7lerini tan\u0131mlar. Bu, i\u015f s\u00fcre\u00e7lerini d\u00fczenlemeye ve etkinle\u015ftirmeye yard\u0131mc\u0131 olur, b\u00f6ylece s\u00fcre\u00e7 verimlili\u011fi artar.<\/li>\n<li><strong>Bilgi G\u00fcvenli\u011fi:<\/strong> ISO 20000, bilgi g\u00fcvenli\u011fi ve veri gizlili\u011fi konular\u0131na odaklan\u0131r. Bu sayede m\u00fc\u015fteri ve organizasyon verilerinin korunmas\u0131 sa\u011flan\u0131r.<\/li>\n<li><strong>Hizmet D\u00fczeyi Y\u00f6netimi:<\/strong> ISO 20000, m\u00fc\u015fteri beklentilerine uygun hizmet seviyesi anla\u015fmalar\u0131 (SLA&#8217;lar) olu\u015fturulmas\u0131na ve hizmet d\u00fczeyinin s\u00fcrekli izlenmesine yard\u0131mc\u0131 olur. Bu, hizmet kalitesinin artmas\u0131na ve m\u00fc\u015fteri g\u00fcveninin art\u0131r\u0131lmas\u0131na katk\u0131 sa\u011flar.<\/li>\n<li><strong>Kurumsal \u0130tibar:<\/strong> ISO 20000 sertifikasyonu, organizasyonun kaliteli IT hizmetleri sa\u011flama konusundaki taahh\u00fcd\u00fcn\u00fc ve profesyonel yakla\u015f\u0131m\u0131n\u0131 g\u00f6sterir. Bu da kurumsal itibar\u0131 g\u00fc\u00e7lendirir ve m\u00fc\u015fteri g\u00fcvenini art\u0131r\u0131r.<\/li>\n<li><strong>Rekabet Avantaj\u0131:<\/strong> ISO 20000 sertifikasyonu, IT hizmetleri alan\u0131nda rakiplerine g\u00f6re organizasyonu rekabet avantaj\u0131 sa\u011flar. M\u00fc\u015fteriler ve tedarik\u00e7iler, ISO 20000 sertifikal\u0131 bir organizasyonla \u00e7al\u0131\u015fmaktan daha fazla g\u00fcven duyabilir.<\/li>\n<li><strong>Risk Y\u00f6netimi:<\/strong> Standart, risk y\u00f6netimi s\u00fcre\u00e7lerini kapsar. Bu, organizasyonun potansiyel riskleri belirlemesine ve \u00f6nleyici tedbirler almas\u0131na yard\u0131mc\u0131 olur.<\/li>\n<li><strong>Daha \u0130yi S\u00fcre\u00e7 Kontrol\u00fc:<\/strong> ISO 20000 sertifikasyonu, IT hizmetleri s\u00fcre\u00e7lerini belgeleme ve d\u00fczenleme gereklili\u011fi sa\u011flar. Bu, organizasyonun s\u00fcre\u00e7lerini daha iyi kontrol edebilmesine ve hatalar\u0131 azaltmas\u0131na yard\u0131mc\u0131 olur.<\/li>\n<\/ol>\n<p>ISO 20000 sertifikasyonu, bir organizasyonun IT hizmetlerini daha iyi y\u00f6netmesine, m\u00fc\u015fteri memnuniyetini art\u0131rmas\u0131na, s\u00fcre\u00e7 verimlili\u011fini art\u0131rmas\u0131na ve bilgi g\u00fcvenli\u011fini korumas\u0131na yard\u0131mc\u0131 olur. Ayn\u0131 zamanda organizasyonun kurumsal itibar\u0131n\u0131 g\u00fc\u00e7lendirir ve rekabet avantaj\u0131 sa\u011flar.[\/vc_column_text][\/vc_column_inner][\/vc_row_inner][vc_row_inner][vc_column_inner][vc_column_text css=&#8221;.vc_custom_1691339820511{margin-bottom: 5px !important;}&#8221;]<\/p>\n<h4>ISO 20000 Bilgi Teknolojileri Y\u00f6netim Sistemi Belgesini Kimler Alabilir<\/h4>\n<p>ISO 20000 Bilgi Teknolojileri Y\u00f6netim Sistemi (ITSMS) belgesini, her t\u00fcrl\u00fc organizasyon ve i\u015fletme alabilir, bu organizasyonlar IT hizmetleri sunuyor veya IT hizmetlerini kullan\u0131yor olabilirler. ISO 20000, her sekt\u00f6rde faaliyet g\u00f6steren \u015firketler ve kurulu\u015flar i\u00e7in ge\u00e7erlidir. \u00d6rne\u011fin, IT hizmet sa\u011flay\u0131c\u0131lar\u0131, IT departmanlar\u0131, bili\u015fim teknolojileri dan\u0131\u015fmanl\u0131k firmalar\u0131 ve IT destek hizmetleri sunan her t\u00fcrl\u00fc kurulu\u015f bu belgeyi almak i\u00e7in ba\u015fvurabilir.<\/p>\n<p>ISO 20000 belgesi almak isteyen bir organizasyon, ISO 20000 standard\u0131n\u0131n gerekliliklerine uygun bir ITSMS olu\u015fturmal\u0131 ve bunu uygulamal\u0131d\u0131r. Ayr\u0131ca, ba\u011f\u0131ms\u0131z bir sertifikasyon kurulu\u015fu taraf\u0131ndan d\u0131\u015f denetim ger\u00e7ekle\u015ftirilir ve denetim sonucunda organizasyon belge almaya hak kazan\u0131r.<\/p>\n<p>ISO 20000 belgesi almak, organizasyonun IT hizmetlerini daha iyi y\u00f6netmesini, m\u00fc\u015fteri memnuniyetini art\u0131rmas\u0131n\u0131 ve kalite d\u00fczeyini y\u00fckseltmesini sa\u011flar. Ayn\u0131 zamanda, IT hizmetleri konusunda m\u00fc\u015fterilere ve tedarik\u00e7ilere g\u00fcvenilirlik ve profesyonellik g\u00f6sterir.<\/p>\n<p>\u00d6zetle, herhangi bir organizasyon veya i\u015fletme, ISO 20000 belgesi almak ve IT hizmetlerini daha iyi y\u00f6netmek i\u00e7in bu standart\u0131 uygulayabilir ve sertifikasyon alabilir.[\/vc_column_text][\/vc_column_inner][\/vc_row_inner][\/vc_column][\/vc_row][vc_row full_width=&#8221;stretch_row&#8221; overlay_dotted=&#8221;&#8221; css=&#8221;.vc_custom_1481544673448{margin-top: 40px !important;}&#8221;][vc_column]<div class=\"krth-cta krth-cta-one cta-cnt-left \"><div class=\"krth-cta-cnt \" ><p><span style=\"color: #ffffff;\"><strong>Detayl\u0131 Bilgi Almak \u0130\u00e7in Bize Ula\u015f\u0131n<\/strong>\u00a0<\/span><\/p>\n<\/div><a class=\"krth-btn btn-secondary  vc_custom_1691782361826 btn-medium krth-btn-69e9ddf12ca4a btn-hover-one btn-icon-left rounded-three \" href=\"https:\/\/maximumhealtyservices.com\/index.php\/iletisim\/\"><span class=\"btn-text\">Bize Ula\u015f\u0131n<\/span><\/a><\/div>[\/vc_column][\/vc_row]<\/p>\n<\/section>","protected":false},"excerpt":{"rendered":"[vc_row][vc_column width=&#8221;1\/4&#8243;][vc_widget_sidebar sidebar_id=&#8221;service-page-sidebar&#8221; title=&#8221;men\u00fc&#8221;][vc_wp_custommenu nav_menu=&#8221;58&#8243;][\/vc_column][vc_column width=&#8221;3\/4&#8243;][vc_single_image image=&#8221;1826&#8243; img_size=&#8221;full&#8221;][vc_row_inner][vc_column_inner][vc_column_text]ISO 20000, Bilgi Teknolojileri Hizmet Y\u00f6netimi Sistemi (ITSMS) olarak da bilinen bir uluslararas\u0131 standartt\u0131r. ISO 20000, bir organizasyonun bilgi teknolojileri hizmetlerini etkili bir \u015fekilde y\u00f6netmesi ve sunmas\u0131 i\u00e7in kullan\u0131lan bir \u00e7er\u00e7evedir. Bu standart, IT hizmetlerinin y\u00f6netimini ve s\u00fcre\u00e7lerini standartla\u015ft\u0131rarak, kaliteyi art\u0131rmay\u0131, hizmet d\u00fczeyini y\u00fckseltmeyi ve m\u00fc\u015fteri memnuniyetini sa\u011flamay\u0131[&#8230;]","protected":false},"author":1,"featured_media":0,"parent":588,"menu_order":0,"comment_status":"closed","ping_status":"closed","template":"","meta":{"footnotes":""},"class_list":["post-1822","page","type-page","status-publish","hentry"],"_links":{"self":[{"href":"https:\/\/maximumhealtyservices.com\/index.php\/wp-json\/wp\/v2\/pages\/1822","targetHints":{"allow":["GET"]}}],"collection":[{"href":"https:\/\/maximumhealtyservices.com\/index.php\/wp-json\/wp\/v2\/pages"}],"about":[{"href":"https:\/\/maximumhealtyservices.com\/index.php\/wp-json\/wp\/v2\/types\/page"}],"author":[{"embeddable":true,"href":"https:\/\/maximumhealtyservices.com\/index.php\/wp-json\/wp\/v2\/users\/1"}],"replies":[{"embeddable":true,"href":"https:\/\/maximumhealtyservices.com\/index.php\/wp-json\/wp\/v2\/comments?post=1822"}],"version-history":[{"count":5,"href":"https:\/\/maximumhealtyservices.com\/index.php\/wp-json\/wp\/v2\/pages\/1822\/revisions"}],"predecessor-version":[{"id":2049,"href":"https:\/\/maximumhealtyservices.com\/index.php\/wp-json\/wp\/v2\/pages\/1822\/revisions\/2049"}],"up":[{"embeddable":true,"href":"https:\/\/maximumhealtyservices.com\/index.php\/wp-json\/wp\/v2\/pages\/588"}],"wp:attachment":[{"href":"https:\/\/maximumhealtyservices.com\/index.php\/wp-json\/wp\/v2\/media?parent=1822"}],"curies":[{"name":"wp","href":"https:\/\/api.w.org\/{rel}","templated":true}]}}